7
What is the millions digit of 9244101?
9
What is the hundreds digit of 1367913?
9
What is the thousands digit of 106166?
6
What is the units digit of 850981?
1
What is the ten thousands digit of 1573446?
7
What is the ten millions digit of 24223035?
2
What is the tens digit of 578569?
6
What is the units digit of 15255065?
5
What is the tens digit of 22785712?
1
What is the hundreds digit of 7041171?
1
What is the units digit of 2372795?
5
What is the thousands digit of 51715?
1
What is the hundred thousands digit of 268734?
2
What is the hundreds digit of 190183?
1
What is the units digit of 6399768?
8
What is the ten thousands digit of 605066?
0
What is the units digit of 669687?
7
What is the tens digit of 7003496?
9
What is the hundreds digit of 216067?
0
What is the hundreds digit of 2910800?
8
What is the thousands digit of 876924?
6
What is the units digit of 3057849?
9
What is the millions digit of 1433769?
1
What is the hundreds digit of 10615132?
1
What is the tens digit of 178515?
1
What is the hundred thousands digit of 219630?
2
What is the units digit of 12564098?
8
What is the hundreds digit of 162023?
0
What is the ten thousands digit of 437962?
3
What is the tens digit of 14382?
8
What is the units digit of 11722768?
8
What is the thousands digit of 2347417?
7
What is the ten thousands digit of 5389748?
8
What is the millions digit of 6178968?
6
What is the tens digit of 1425765?
6
What is the thousands digit of 3446112?
6
What is the thousands digit of 1901011?
1
What is the hundred thousands digit of 255319?
2
What is the units digit of 12092685?
5
What is the ten thousands digit of 28387?
2
What is the tens digit of 23402072?
7
What is the thousands digit of 200780?
0
What is the units digit of 913383?
3
What is the hundred thousands digit of 9661812?
6
What is the tens digit of 2277573?
7
What is the tens digit of 9611941?
4
What is the millions digit of 2609924?
2
What is the units digit of 1483258?
8
What is the millions digit of 8771819?
8
What is the ten thousands digit of 65899?
6
What is the ten thousands digit of 28378?
2
What is the thousands digit of 33179?
3
What is the hundred thousands digit of 426762?
4
What is the tens digit of 8433289?
8
What is the hundred thousands digit of 128420?
1
What is the hundreds digit of 30242?
2
What is the hundred thousands digit of 3474413?
4
What is the ten thousands digit of 403300?
0
What is the tens digit of 4064646?
4
What is the millions digit of 1480203?
1
What is the tens digit of 54710?
1
What is the tens digit of 542093?
9
What is the hundreds digit of 139261?
2
What is the thousands digit of 4333612?
3
What is the hundreds digit of 13217586?
5
What is the hundreds digit of 98060?
0
What is the ten thousands digit of 279997?
7
What is the units digit of 65695?
5
What is the millions digit of 2857685?
2
What is the hundreds digit of 996219?
2
What is the hundreds digit of 2478504?
5
What is the hundred thousands digit of 233559?
2
What is the hundred thousands digit of 241683?
2
What is the hundred thousands digit of 1058212?
0
What is the hundred thousands digit of 4547871?
5
What is the units digit of 17437923?
3
What is the units digit of 3754116?
6
What is the ten thousands digit of 4647320?
4
What is the tens digit of 1480399?
9
What is the ten thousands digit of 267965?
6
What is the ten thousands digit of 1607520?
0
What is the hundreds digit of 1194015?
0
What is the hundreds digit of 8032211?
2
What is the ten thousands digit of 55293?
5
What is the units digit of 8680722?
2
What is the thousands digit of 352976?
2
What is the hundreds digit of 550725?
7
What is the thousands digit of 29196?
9
What is the hundreds digit of 14197897?
8
What is the units digit of 643398?
8
What is the hundreds digit of 318483?
4
What is the units digit of 299?
9
What is the millions digit of 3312839?
3
What is the hundred thousands digit of 807020?
8
What is the thousands digit of 8630102?
0
What is the tens digit of 3857778?
7
What is the units digit of 7653292?
2
What is the ten thousands digit of 537302?
3
What is the thousands digit of 381150?
1
What is the thousands digit of 578324?
8
What is the tens digit of 9414789?
8
What is the hundreds digit of 796918?
9
What is the hundreds digit of 161764?
7
What is the tens digit of 113573?
7
What is the ten thousands digit of 304503?
0
What is the units digit of 3098241?
1
What is the ten thousands digit of 1968649?
6
What is the thousands digit of 355688?
5
What is the ten thousands digit of 129743?
2
What is the units digit of 385546?
6
What is the units digit of 4990746?
6
What is the ten millions digit of 16050774?
1
What is the hundreds digit of 765641?
6
What is the thousands digit of 581498?
1
What is the hundred thousands digit of 2032883?
0
What is the hundreds digit of 812934?
9
What is the tens digit of 1703125?
2
What is the thousands digit of 5975170?
5
What is the millions digit of 7829101?
7
What is the hundreds digit of 4020212?
2
What is the thousands digit of 225561?
5
What is the units digit of 2895983?
3
What is the thousands digit of 284336?
4
What is the tens digit of 57412?
1
What is the tens digit of 1216794?
9
What is the ten millions digit of 10359645?
1
What is the ten thousands digit of 23485?
2
What is the units digit of 2754786?
6
What is the thousands digit of 2780560?
0
What is the hundred thousands digit of 24011450?
0
What is the hundreds digit of 18567931?
9
What is the millions digit of 1074360?
1
What is the units digit of 2116278?
8
What is the tens digit of 50792?
9
What is the hundreds digit of 3923419?
4
What is the ten millions digit of 13784165?
1
What is the ten thousands digit of 1190976?
9
What is the hundreds digit of 901537?
5
What is the hundreds digit of 66642?
6
What is the millions digit of 1261716?
1
What is the thousands digit of 12422634?
2
What is the ten thousands digit of 821167?
2
What is the tens digit of 30924046?
4
What is the tens digit of 9315905?
0
What is the tens digit of 472406?
0
What is the hundreds digit of 2492005?
0
What is the hundreds digit of 14271367?
3
What is the thousands digit of 114831?
4
What is the tens digit of 325807?
0
What is the millions digit of 1705897?
1
What is the tens digit of 605229?
2
What is the hundreds digit of 1765723?
7
What is the tens digit of 38837?
3
What is the hundred thousands digit of 560855?
5
What is the tens digit of 2392381?
8
What is the thousands digit of 587095?
7
What is the thousands digit of 396782?
6
What is the tens digit of 56798?
9
What is the thousands digit of 346940?
6
What is the ten thousands digit of 120693?
2
What is the tens digit of 19653?
5
What is the units digit of 21363?
3
What is the thousands digit of 147636?
7
What is the thousands digit of 507415?
7
What is the units digit of 92883?
3
What is the thousands digit of 1376865?
6
What is the thousands digit of 76583?
6
What is the thousands digit of 486390?
6
What is the hundreds digit of 158658?
6
What is the units digit of 429194?
4
What is the hundred thousands digit of 385389?
3
What is the ten thousands digit of 1632771?
3
What is the ten millions digit of 29637447?
2
What is the thousands digit of 34321?
4
What is the units digit of 291125?
5
What is the hundreds digit of 509204?
2
What is the tens digit of 1710251?
5
What is the units digit of 1155169?
9
What is the units digit of 2124344?
4
What is the thousands digit of 831984?
1
What is the ten thousands digit of 1768804?
6
What is the millions digit of 1587708?
1
What is the units digit of 2755574?
4
What is the tens digit of 329956?
5
What is the millions digit of 7518575?
7
What is the hundreds digit of 9655273?
2
What is the units digit of 340662?
2
What is the units digit of 1297591?
1
What is the hundred thousands digit of 10405283?
4
What is the units digit of 85560?
0
What is the hundred thousands digit of 656163?
6
What is the hundreds digit of 136971?
9
What is the hundreds digit of 84548?
5
What is the ten thousands digit of 50919?
5
What is the millions digit of 10046156?
0
What is the ten thousands digit of 491913?
9
What is the hundred thousands digit of 146247?
1
What is the hundreds digit of 1203428?
4
What is the tens digit of 4857742?
4
What is the hundred thous